 -g**5/60 - 13*g**4/24 + 11*g**3/3 - 73*g**2. Calculate x(-15).
-8
Let f(h) = -h - 1. Let t(s) be the first derivative of -s**2/2 + s - 22. Let m(w) = -f(w) + 2*t(w). Give m(3).
0
Let s(d) be the third derivative of d**5/15 + d**4/6 - d**3/6 - 215*d**2 - 1. Let l be (3/(-4))/(2/8). Calculate s(l).
23
Suppose -15*v + 512 = 49*v. Let j(t) = t**3 - 7*t**2 - 8*t + 5. Give j(v).
5
Let t(w) = -187*w + 186*w - 45 + 44. Suppose 3*s + 16 = -2*r, 3*r + s = 3*s + 2. Calculate t(r).
1
Let g = 61 - 41. Let j = -16 + g. Let z(b) = -3*b + 6. Calculate z(j).
-6
Let k(u) = 5*u**2 - 4*u**2 - u**3 - 6*u + 2*u**2 + 6*u - 3 - 3*u. What is k(3)?
-12
Let n be 6/(-33) - 48/(-22). Suppose -5*g + 0*y + 15 = 2*y, -3 = -g + n*y. Let i(h) = -h + h**3 - 3*h + 6*h**2 + 0*h**g + 8*h. Give i(-5).
5
Let f(y) = y**2 - 3. Let t be 0/(-7*2/(-14)). What is f(t)?
-3
Let x = -10 + 16. Suppose x*r - r = -k - 36, 4*r + 52 = 5*k. Let b(f) = -f**2 - 8*f - 5. Give b(r).
-5
Let y(d) be the second derivative of -2*d**3/3 + 9*d**2/2 + 52*d. Give y(15).
-51
Let p(m) = m**2 + 7*m - 6. Let y be p(-8). Suppose d + 3 = -y*d. Let k be 2 - (-1 + d) - -2. Let v(f) = f - 5. Give v(k).
1
Let m(l) = -3*l - 6. Suppose 0 = -4*r - 40 + 32. Give m(r).
0
Let t = 138 - 142. Let z(r) = 3*r + 4. Give z(t).
-8
Let n(f) = -f**3 + 18*f**2 - 78*f + 1043. Let l be n(17). Let a(u) = 3*u - 4*u + 1 - 3. Give a(l).
-8
Let k(b) be the second derivative of -5*b**3/6 + b**2 - 5*b - 3. Calculate k(3).
-13
Let n(g) = -49*g - 2 - 54*g + 104*g + 7. What is n(-4)?
1
Let n(h) = -h**2 + 2*h - 1. Let w be ((-4)/(-6))/((-12)/(-18)). Determine n(w).
0
Let w(h) = -7*h - 2 + 7*h + h. Give w(-4).
-6
Let h(d) = -d**3 + 4*d**2 - 2. Let x(m) = -13*m + m**2 + 5*m + 7*m + 4*m. Let r be x(-4). Calculate h(r).
-2
Let k(v) = 2 - 4 - v - 6*v**2 + 1. Let f(o) = o**3 - 10*o**2 + 20*o + 6. Let d be f(7). What is k(d)?
-6
Let l(k) = -5*k**2 + 8*k + 6. Let s(t) = -15*t**2 + 22*t + 17. Let h(q) = -8*l(q) + 3*s(q). Give h(3).
-36
Let r(i) be the first derivative of -10*i**2 - i - 19. Give r(-1).
19
Let p(y) be the second derivative of -y**5/20 - y**4/3 + y**3 + y**2/2 - y. Let b = 194 + -199. Determine p(b).
-4
Let b(n) = -7*n**3 - 2*n**2 + 2. Let s be 17/15 + 240/(-1800). Calculate b(s).
-7
Let k be 3 + 2/((-4)/(-2)). Let t be ((-6)/k)/(1/2). Let h(q) = 7*q**2 - 3*q - 8. Let n(s) = -6*s**2 + 2*s + 7. Let m(v) = 4*h(v) + 5*n(v). Calculate m(t).
-9
Let v(i) = -35*i + 11*i + 14*i + 6 + 8*i. Suppose -q - 1 = -3. Suppose -1 = -d + y, -q*d - 3*y + 33 = 11. Calculate v(d).
-4
Let a = 8 - 2. Suppose -4*b - a - 10 = 0. Let j(h) be the third derivative of -h**4/12 - h**3 - 9*h**2. Give j(b).
2
Let o(z) = -z**3 + 9*z**2 - 16*z + 6. Suppose 36 = -4*c + 7*c - 5*s, -2*s = 6. Determine o(c).
-8
Suppose 2*d - d = 2*j - 11, -3*d = 3*j - 3. Let a(k) = -k**3 + 4*k**2 + 2*k + 3. Give a(j).
11
Let y(b) = b**2 + 3*b - 8. Suppose -9*w + 40 = 4*o - 7*w, 40 = 3*o - w. Suppose 5*c + 2*m + 30 = 3*m, -o = 2*c + 2*m. Determine y(c).
10
Let d(q) be the first derivative of 3*q - 3*q**2 + 7/3*q**3 + 17 - 1/4*q**4. Give d(6).
3
Let l be 12/(-3) - (-78)/12*2. Let u(i) = i**2 - 12*i + 12. What is u(l)?
-15
Let l(v) = -2810*v**3 + 8*v**2 + 4*v**2 - 2*v + 2809*v**3 + 20. Calculate l(12).
-4
Let k be (-2)/(-7) + (-363)/(-77). Let n(z) = 6 - 14*z + 15*z - 6*z**2 + k*z**2. Give n(5).
-14
Let z(h) = -h**3 - 2*h**2 - 3*h - 8. Let n(d) = -d**3 - d**2 - 2*d - 9. Let a(t) = -6*n(t) + 7*z(t). Let j be (4 - (-18)/(-4)) + (-13)/2. What is a(j)?
12
Let g(k) be the second derivative of 2*k**3 + 5*k**2/2 - 3*k + 56. Calculate g(-1).
-7
Let x(s) = 0 - 11807*s**2 - s + 11809*s**2 - 2*s**3 + s**3 + 2. Suppose 0 = 4*n + 1 - 9. Suppose -4 = -n*o - p, 9*o - 4*o = 5*p + 10. Determine x(o).
0
Let f(w) = 5*w**2 - 15*w - 5. Let a be (16/(-4) - 0) + 7. Let k(q) = -2*q**2 + 7*q + 3. Let y(i) = a*f(i) + 7*k(i). Let l be -3 - (-2)/(3 + -5). What is y(l)?
6
Let n(i) = i**3 + 7*i**2 - 9*i - 4. Let t be n(-8). Suppose 0*d + 18 = d + t*a, 4*a - 10 = 3*d. Let h(x) = x - 1 + 4*x**2 - d*x**2 - 2 + 5. Determine h(-2).
8
Let t(d) be the third derivative of -1/3*d**4 + 0 - 3/2*d**3 - 19*d**2 - 1/120*d**6 - 2/15*d**5 + 0*d. Calculate t(-7).
-2
Let u(h) = -6*h**3 - h**2. Let o be u(1). Let s(w) = 5*w**3 - 23*w**2 + 17. Let q(k) = 2*k**3 - 11*k**2 - k + 8. Let r(c) = -7*q(c) + 3*s(c). What is r(o)?
-5
Let j(k) be the first derivative of -4*k + 5*k**2 - 1/3*k**3 + 30. What is j(4)?
20
Let m(q) be the third derivative of -1/60*q**5 + 0 + 1/8*q**4 + 0*q - 5*q**2 - 1/3*q**3. Let y be m(4). Let v(k) = -k - 11. What is v(y)?
-5
Let g(k) be the second derivative of 0 + 3*k**2 - 3/2*k**3 + 1/12*k**4 - 4*k. What is g(9)?
6
Let v(i) = -i**3 - 9*i**2 - i - 7. Let f be (1 - 0)*(-4 - 5) - 0. Give v(f).
2
Let r be (-6)/(-2) - (13 + -12). Suppose a + a = -r. Let o(j) = j**3 + j**2 - 1. Give o(a).
-1
Let s be (-1 + 1)/((-2)/2). Let i be 2241/45 + 1/5. Let w(d) = 48*d - 140*d + 4 + 41*d + i*d. What is w(s)?
4
Let t(o) be the second derivative of -o**5/20 - 5*o**4/12 + 7*o**3/6 + 3*o**2/2 - 7*o. Suppose -5*m + 119 = 5*w - 31, -33 = -m - 2*w. Let l = 21 - m. Give t(l).
-3
Suppose -5*b = -18 - 2. Let m(g) be the third derivative of -7*g**4/24 + g**3 - 98*g**2. Calculate m(b).
-22
Let z(w) be the third derivative of -w**6/360 + w**5/20 + w**4/24 - 23*w**3/3 + 33*w**2. Let c(x) be the first derivative of z(x). What is c(5)?
6
Let t(h) = -6*h - 7*h - 4 + h + 10*h**2 + 3*h - h**3. What is t(9)?
-4
Let u(o) be the third derivative of 5/6*o**3 + 0*o - 1/4*o**4 + 6*o**2 - 1/60*o**5 + 0. What is u(-6)?
5
Let s be -4*6/(-4) - 5. Let j(h) = -16*h - 12. Let b(g) = 1. Let c(t) = 12*b(t) + j(t). Give c(s).
-16
Let c = -11 - -17. Suppose -c*k + 7*k = 13. Let a(g) = -k + 6 + 0 + 3*g. What is a(6)?
11
Suppose 2*w = i - 0 + 3, i = -w + 9. Let m(c) = -c**3 + 4*c**2 + 3*c + 6. Give m(i).
-4
Let l(k) = -3224*k**2 + 2 + 4*k + 3219*k**2 + k**3 - 1. Suppose i + 3*i = 0. Suppose 3*u - 2 - 7 = i. What is l(u)?
-5
Let h(j) = j**3 + 2*j**2 + 2*j + 1. Suppose 16 = 5*q - q. Suppose -q*z - 2 - 2 = -2*f, 3*z - 15 = 0. Suppose -11*s + 5*s = f. What is h(s)?
-3
Let c(y) = -y**3 + y**2 + y - 14. Let r(b) = -4 - 3*b + 0*b + 2*b - 1. Let n be r(-5). Determine c(n).
-14
Let i(x) be the second derivative of x**5/20 + 5*x**4/4 + 13*x**3/6 - 17*x**2/2 - 2*x - 3. Determine i(-14).
-3
Let t be (-2 - -2)/(28/7). Let p be -1 + 4 - (1 - t). Let l(q) = -2*q**3 + 3*q**2 - q + 1. What is l(p)?
-5
Suppose 5*o + 4*b = 15, 3*o - b + 6*b = 9. Let w(x) = x**o + 12*x + 14*x + 8*x**2 + 2 - 17*x. Give w(-7).
-12
Let m = -376 + 375. Let g(v) = 13*v - 2. What is g(m)?
-15
Let h(n) = 13*n - 16. Let d(y) = 7*y - 8. Suppose -b + 12 = -3*b. Let c(k) = b*h(k) + 11*d(k). Give c(4).
4
Let r be (-138)/(-897) + 5/((-195)/84). Let w(a) = 7*a + 6. What is w(r)?
-8
Suppose 0*a + 5*a + 31 = -y, 3*a - 4*y = -37. Let t(o) = -o - 10. Give t(a).
-3
Let w be (-6)/(1 - 3) - (1 + -2). Suppose -3*k + 5 + 2 = -4*l, -l = -3*k + w. Let x(s) = -2*s**2. Calculate x(l).
-2
Let z(m) be the third derivative of 0 + 1/3*m**3 - 13*m**2 + 0*m - 1/24*m**4. What is z(5)?
-3
Suppose 3*c + c = -5*d + 16, 2*d - 8 = -2*c. Suppose d = -h - 3*h - 12. Let g(j) be the second derivative of j**3/6 + 2*j**2 - 8*j + 7. Give g(h).
1
Let z(r) = r**2 - 35*r + 75. Let i be z(2). Let l(v) = -v**2 + 7*v + 24. What is l(i)?
6
Suppose 0 = l - 2*l - 3. Let g(r) = -4*r**3 + 3*r**2 + 5*r - 4. Let z(o) = -5*o**3 + 2*o**2 + 6*o - 4. Let u(n) = l*z(n) + 4*g(n). Calculate u(6).
8
Let k(o) = o**2 - 8*o - 4. Suppose -27*g = -142 - 155. What is k(g)?
29
Let z be 1 + 1 - -1 - 1. Suppose -7 = -2*t - z*m - 3, 3*t = 4*m - 15. Let v(k) = -5*k**2. Calculate v(t).
-5
Let b(m) = -m. Let q = 10 + -8. Suppose -q*h + 18 = w, -4*w + 100 = h + 28. Suppose w = 2*y + 2*a, a = -3*a + 12. Give b(y).
-6
Suppose c = -2*y, c + 3*y + 6 = -2*c. Let q(j) = -9 - j + 2*j - 10 + 18 + 0*j. Give q(c).
-5
Suppose -4*l + 232 = 2*f + 3*f, 4*f + l = 190. Suppose 10*z = 2*z - f. Let c(v) = v**3 + 6*v**2 + v - 1. Give c(z).
-7
Let w(f) = f**2 - 5*f + 6. Let g(n) = n - 1. Let i(p) = -2*p**2 + 3*p + 2. Let t(z) = 5*g(z) - i(z). Let s be t(-3). Determine w(s).
6
Let o(l) = 6*l + 37. Let k(q) = 4*q + 23. Let s(z) = -8*k(z) + 5*o(z). What is s(-4)?
9
Let y(m) be the first derivative of -2*m**3/3 - 